**3 + g**2 - 9*g + 7. What is the remainder when 254 is divided by f(3)?
14
What is the remainder when (-98 - -3)*(5 + -7) is divided by 32?
30
Let i be (-103)/(-4) - (-2)/8. Suppose 91 = 5*z + i. Suppose -141 = -3*v + 2*f, -5*v - 3*f + 58 = -196. What is the remainder when v is divided by z?
10
Suppose -26*g = -12*g - 8302. What is the remainder when g is divided by 35?
33
Suppose 9*f = 2*f - 35. Calculate the remainder when ((-75)/f)/((-6)/(-10)) is divided by 14.
11
Let n = 399 + -356. What is the remainder when 98 is divided by n?
12
Let i = 23 - 4. Let g be ((-4)/3 - (-204)/18)*-2. What is the remainder when (-7)/(12/g - 6/(-15)) is divided by i?
16
Suppose 3*a - 4*b - 75 = 0, 0*a + 56 = 4*a + 2*b. Let i = 0 + 0. What is the remainder when (-1 - i)/(1/(-65)) is divided by a?
14
Let v = -2153 + 2164. What is the remainder when v is divided by 3*((-7)/(-3) - 1)?
3
Let x be 92/6 + (-1)/3. Suppose 2*b - 4*w - 58 = 0, -5*b + 2*w + x + 130 = 0. Let r = 198 + -113. Calculate the remainder when r is divided by b.
27
Let x be ((-110)/3)/(20/(-30)). Let c = 3 - -8. What is the remainder when ((-22)/x)/((-1)/75) is divided by c?
8
Suppose 14*p + 392 = 1596. What is the remainder when p is divided by 4?
2
Suppose 0 = 3*u - 2*n + 72, 2*u - 3*n + 24 = u. Let x = u + 30. Calculate the remainder when 11 is divided by x.
5
Let l(k) = -40*k**3 - k - 1. Let g be l(-1). Suppose -12 = 5*m + 13, -w - m = -g. Calculate the remainder when w is divided by 16.
13
Let k be 1*((2 - -2) + 1*-51). Let x = k + 52. What is the remainder when 15 is divided by x?
0
Suppose 48*g - 1773 = 39*g. What is the remainder when g is divided by 22?
21
Suppose 74 = 2*i + 26. Let x(n) = -n**2 + 14*n + 7. Let h be x(8). Suppose h = 5*q + 2*t, q - 2*t + 4*t - 19 = 0. What is the remainder when i is divided by q?
6
Let g = 26 + -27. Let f = 1 - g. Suppose -5*k = -3*l + 136, 0 = -f*l + 3*k + 20 + 70. What is the remainder when l is divided by 9?
6
Let q = 121 + -103. Let v(z) = -z**3 - z**2 + z + 69. Calculate the remainder when v(0) is divided by q.
15
Let u(b) = 2*b**2 - 11*b - 5. Let s(k) = -k**3 - 15*k**2 + 16*k + 20. Calculate the remainder when u(9) is divided by s(-16).
18
Let o(b) = 14*b**2 + 67*b - 140. Calculate the remainder when 397 is divided by o(2).
47
Suppose -7*o + 26 = 68. Let a(s) = -s**3 - 7*s**2 - 7*s + 8. Calculate the remainder when 38 is divided by a(o).
10
Let x(s) = 39*s**2 - s. What is the remainder when x(2) is divided by 31?
30
Suppose -3*z = 2*r - 291, z + 2*z + 591 = 4*r. Calculate the remainder when r is divided by 12.
3
Let v = -353 + 431. What is the remainder when v is divided by ((-3 - -5) + -43)/(-1)?
37
Let b(g) = -g**3 - 4*g**2 + g - 4. Let n(h) = 2*h**2 + 17*h - 6. Let q be n(-10). Calculate the remainder when b(-6) is divided by 0 + -4 + (q - 4).
14
Suppose 131 = -5*b + 186. Let h = 86 - 45. Calculate the remainder when h is divided by b.
8
Let f = 107 + -93. Suppose 2*x = 14 + f. What is the remainder when 41 is divided by x?
13
Let d(p) = p - 9. Let c be d(12). Suppose 7*a - c*a = 1020. Let i = a + -143. What is the remainder when i is divided by 23?
20
Suppose 3*a - 8*a + 241 = r, 2*r + 4*a - 488 = 0. Suppose -4*z = -r - 58. What is the remainder when z is divided by 26?
24
Let l = 81 - 72. Let y = -23 - -43. What is the remainder when (-24)/5*y/(-6) is divided by l?
7
Calculate the remainder when 360 is divided by (-2688)/(-105) + (-4)/(-10).
22
Suppose -31*a + 1014 + 71 = 0. Calculate the remainder when a is divided by 8.
3
Suppose 0 = 5*t - f - 17, -4*t = -4*f - 1 - 3. Let c(n) = -n**2 + 9*n + 1. Calculate the remainder when c(7) is divided by t.
3
Suppose -3*p = -2*p - 80. Suppose 3*d = d + p. Suppose 0 = 4*g + 5*x - 147, g - x - x - d = 0. What is the remainder when g is divided by 13?
12
Let h(w) = -4*w**3 + 83*w**2 - 3*w - 14. What is the remainder when h(20) is divided by 12?
10
Let l = 8 + -4. Calculate the remainder when (21/12)/(8/32) is divided by l.
3
Calculate the remainder when 119 is divided by 1/((-5)/24)*7540/(-2262).
7
Suppose -181 - 707 = -24*l. Let g(k) = -7*k + 1. Let j be g(3). Let y = -10 - j. Calculate the remainder when l is divided by y.
7
Let j(h) = h**3 + 10*h**2 - 12*h - 5. Let u be j(-11). Let c = u + 0. Calculate the remainder when 9 is divided by c.
3
Suppose 108 = 3*w + w. What is the remainder when 50 is divided by w?
23
Let z = -301 - -421. Let l = 168 - z. What is the remainder when 191 is divided by l?
47
Suppose -4*w = 60*w + 248*w - 2496. Suppose 4*h - 327 = 3*x, 0 = -h + x + 3*x + 98. Calculate the remainder when h is divided by w.
6
What is the remainder when -5 + 3 - (-1)/((-4)/(-320)) is divided by 26?
0
Calculate the remainder when 8/(160/(-65))*(2 - 82) is divided by 44.
40
Let m(u) = -5*u + 43. Let z be m(8). What is the remainder when (5 + -36)/((4 - z)/(-1)) is divided by 20?
11
Let h = -33 - -63. Calculate the remainder when h is divided by 12.
6
Suppose -3*b - 176 = -7*b. What is the remainder when b is divided by 1/((-32)/(-30) - 1)?
14
Let x(o) = -17*o - 70. Calculate the remainder when x(-23) is divided by 56.
41
Suppose 18*n - 27 = 441. Suppose 5*g = c + 252, -4*c + 2*c - 54 = -g. What is the remainder when g is divided by n?
24
Let m = 9 + -4. Let l be 2958/14 + 2 + (-4)/14. Suppose -m*g - 2*n = -l, -3*g + 48 = -2*g - 5*n. Calculate the remainder when g is divided by 9.
7
Suppose 0 = -5*w + 9*w. Suppose 20 = 2*u - w*u - 5*v, -3*u - 3*v = -30. What is the remainder when 38 is divided by u?
8
Suppose 554 = 5*v + 174. Suppose -225*n = -232*n + 280. What is the remainder when v is divided by n?
36
Let z(r) = -r**3 - 2*r**2 + 18*r + 46. What is the remainder when 10 is divided by z(-4)?
4
Suppose -2*c - c = -0*c. Suppose -126 = -6*n - c*n. What is the remainder when 40 is divided by n?
19
Suppose 16 = -0*o - o. What is the remainder when 114 is divided by o/(-136) - 982/(-34)?
27
Suppose -703 = -20*v + 197. Calculate the remainder when v is divided by 36.
9
Calculate the remainder when (396/(-20))/((-310)/50 - -6) is divided by 45.
9
Let u = 12 - 9. Suppose 4*h - 94 = -4*f + f, -4*h = -u*f - 106. What is the remainder when h is divided by 9?
7
Let r(i) = -i**3 - 18*i**2 + 2*i - 8. Let d(q) = q**2. Let o(v) = 2*d(v) - r(v). What is the remainder when o(-20) is divided by 26?
22
Let a(y) = 8*y - 33. Let w be a(-9). What is the remainder when 48 is divided by w/14*(-20)/6?
23
Suppose -2*d - 23 = -0*d - n, 26 = -2*d - 2*n. Let o = 15 + d. Suppose o*m + 9 = 45. What is the remainder when 33 is divided by m?
9
Let a(k) = -k**2 + 17*k + 29. What is the remainder when 179 is divided by a(6)?
84
Let z(u) = 2*u**2 - 3*u + 3. Calculate the remainder when z(-6) is divided by 6.
3
Suppose -5*n + 0*n + 50 = 0. Let v(i) be the third derivative of i**5/20 - 7*i**4/24 - i**3/6 + 11*i**2. What is the remainder when v(5) is divided by n?
9
Suppose -15 = -3*x + 18. Let b = 76 + -37. What is the remainder when b is divided by x?
6
Let g be ((-5)/(-15))/(1/24). Let s(r) = r**3 - 7*r**2 - 6*r - 13. Let f be s(g). Suppose -f*t = -24 - 12. Calculate the remainder when 45 is divided by t.
9
Calculate the remainder when 40 is divided by (2 - 21/9)*-69.
17
Suppose -4*b = 6 - 2. Let p be 0 + 30/(b - -3). Suppose 0 = -4*h + 9 + p. Calculate the remainder when 9 is divided by h.
3
Calculate the remainder when 48 is divided by 3*5 + 64 + -68.
4
Let n = 142 - 131. Suppose -3*x = v - 108, 189 - n = 5*x + v. Calculate the remainder when 69 is divided by x.
34
Let b be (-7)/(-28) - 34/8. What is the remainder when 1*(-3 + b)*-10 is divided by 18?
16
Suppose -20*w + 145 = 9*w. What is the remainder when 26 is divided by w?
1
Let v = -17 + 27. Suppose -13*x + v*x = -39. Calculate the remainder when 24 is divided by x.
11
Suppose 902 = 4*w + 886. Let s = 17 + -4. What is the remainder when s is divided by w?
1
Suppose -38 = -o - 3*u, 19*u + 10 = 14*u. What is the remainder when o is divided by 1?
0
Let c(k) be the second derivative of k**4/12 + k**3/2 - 3*k**2/2 - 2*k. Suppose -17*b + 357 - 17 = 0. What is the remainder when b is divided by c(2)?
6
Let l = -6 - -11. Suppose 4*j - 82 = 2*o, 0*j = -l*j - 3*o + 130. Let u = 16 + -4. Calculate the remainder when j is divided by u.
11
Let i(x) = x**2 - 4*x - 4. Calculate the remaind